) to base 2.
10000111010110100
What is 401749 (base 11) in base 4?
2131310203
What is -231231232 (base 4) in base 3?
-100111212001
What is 113413020 (base 6) in base 9?
4010313
What is -3c75 (base 16) in base 13?
-7077
-12121011220 (base 3) to base 10
-110211
What is -2546031 (base 7) in base 10?
-331017
What is -132212111 (base 4) in base 10?
-125333
Convert -1020222111111 (base 3) to base 13.
-1a5597
Convert cc16c (base 13) to base 16.
5a2cb
-3a41b63 (base 12) to base 10
-11532603
What is -11334132 (base 5) in base 2?
-11001110001000110
Convert 2c97b (base 16) to base 8.
544573
What is -61a9352 (base 11) in base 7?
-162031641
What is 649334 (base 10) in base 15?
cc5de
Convert 6237045 (base 8) to base 2.
110010011111000100101
What is -10101100100101111011010 (base 2) in base 15?
-76aa94
What is 378330 (base 14) in base 15?
27967b
What is -60430 (base 13) in base 6?
-3404401
Convert -131301214 (base 6) to base 8.
-11702012
What is 11333232303 (base 4) in base 15?
210a93
Convert -27837 (base 10) to base 4.
-12302331
What is -2212210011110 (base 3) in base 13?
-417b3a
What is 400432022 (base 5) in base 6?
53445321
Convert -2211002111020 (base 3) to base 5.
-340411343
What is -120302010 (base 4) in base 9?
-164216
Convert 1a1022 (base 11) to base 15.
6177b
Convert 826975 (base 10) to base 7.
10013002
What is -20122023033 (base 4) in base 7?
-24510504
What is 8edf7 (base 16) in base 14?
1133a7
Convert -317400 (base 10) to base 7.
-2461236
-423076 (base 10) to base 15
-85551
Convert 4076000 (base 8) to base 4.
10013300000
298a053 (base 12) to base 2
100000000001011110111111
20102012220202 (base 3) to base 4
31000121000
Convert -1022421 (base 10) to base 3.
-1220221111110
What is -1174992 (base 11) in base 3?
-10211201120022
-134313020 (base 5) to base 3
-1022110022121
What is 395235 (base 12) in base 6?
32105305
Convert 552503352 (base 6) to base 4.
211320133310
Convert -10110101001100000 (base 2) to base 4.
-112221200
What is 25bbc1 (base 13) in base 8?
3364326
Convert 920889 (base 10) to base 2.
11100000110100111001
What is 139a752 (base 11) in base 15?
3264b7
Convert -332044410 (base 5) to base 15.
-1d6ca5
Convert -102505305 (base 6) to base 8.
-6725011
20131202 (base 5) to base 4
213122103
122353322 (base 6) to base 16
240ff2
Convert 1122231323 (base 4) to base 13.
100190
Convert -a72b (base 13) to base 2.
-101101010010110
-44717077 (base 8) to base 11
-55084a1
What is -113123310 (base 5) in base 7?
-4265235
Convert 2221100112 (base 3) to base 5.
3322343
Convert -41a9548 (base 11) to base 16.
-710305
c5b64b (base 15) to base 11
5343547
380b51 (base 15) to base 14
4dca60
What is 49615a (base 13) in base 16?
1ac9ff
Convert 112012102002022 (base 3) to base 13.
1742cb1
What is -360a5 (base 11) in base 4?
-30230320
Convert -c1219 (base 14) to base 5.
-104323101
Convert -11024152 (base 6) to base 9.
-552745
Convert -101120220200221 (base 3) to base 11.
-31a4167
What is 100100110000001111011100 (base 2) in base 7?
144615511
d59c (base 14) to base 2
1000111110110110
What is 31033225 (base 6) in base 12?
36b815
Convert 1011110111000000010 (base 2) to base 11.
245a72
21110002120000 (base 3) to base 4
33012112002
163602512 (base 7) to base 2
101010100100110011010100
Convert 21100011102 (base 3) to base 10.
144461
Convert -98842 (base 13) to base 2.
-1000011011000111111
Convert 1ad2c (base 16) to base 6.
2204352
What is 43413134 (base 5) in base 8?
1330267
Convert 112020321 (base 4) to base 8.
261071
-3034615 (base 7) to base 4
-1120111210
Convert -13939 (base 14) to base 12.
-24067
Convert a0e0b (base 16) to base 2.
10100000111000001011
What is -6bd59 (base 14) in base 6?
-5351003
1939ab (base 13) to base 5
130332340
111aa4 (base 13) to base 12
175883
Convert -11210230 (base 4) to base 9.
-34274
Convert 6415654 (base 9) to base 13.
9339b8
What is 6568a (base 16) in base 10?
415370
3a719 (base 12) to base 7
453513
What is -422232 (base 6) in base 16?
-85ac
-202501236 (base 7) to base 2
-101101001100111010111011
-112143423 (base 5) to base 13
-14949a
-b2726 (base 12) to base 10
-232590
Convert 10144414134 (base 5) to base 9.
21751816
1202453 (base 7) to base 4
211021313
-49ab4 (base 12) to base 2
-11000011011101000
1174824 (base 9) to base 15
c996d
What is -408b9 (base 14) in base 16?
-25f03
What is -43100b (base 12) in base 10?
-1059275
34d690 (base 14) to base 16
1b874e
What is -612112 (base 7) in base 12?
-50217
732712 (base 11) to base 3
2012200112012
What is -11000101011111111011111 (base 2) in base 11?
-3720276
Convert 1251403540 (base 6) to base 14.
1da380c
-25395a (base 11) to base 7
-3255335
What is -1413634 (base 7) in base 5?
-22014001
-133012332122 (base 4) to base 16
-7c6f9a
What is -3af28 (base 16) in base 11?
-155449
What is 212111221200012 (base 3) in base 11?
7066810
What is 111110000111001101100 (base 2) in base 9?
3741823
What is -210404312 (base 5) in base 2?
-11010101000000001001
Convert 2211021102 (base 3) to base 13.
1c403
What is -98e8d (base 15) in base 9?
-820477
What is 19bfd0 (base 16) in base 8?
6337720
114012003 (base 5) to base 10
532128
What is 1dda6 (base 15) in base 5?
11110311
640461 (base 7) to base 4
123001131
What is 85dc5 (base 14) in base 15?
65de9
What is 113420 (base 10) in base 4?
123230030
2899140 (base 11) to base 2
10010111110101101010011
Convert -10000304442 (base 5) to base 10.
-9775622
What is 854190 (base 15) in base 5?
3110420420
-3356161 (base 7) to base 12
-181757
2d729 (base 14) to base 8
336371
What is -241290 (base 10) in base 5?
-30210130
100101110110101100001 (base 2) to base 6
42330401
-532660 (base 8) to base 13
-62aa4
What is -10002012202110 (base 3) in base 6?
-55034450
What is -130123311 (base 4) in base 15?
-24799
201210000212 (base 3) to base 15
7a53e
What is -69875 (base 12) in base 15?
-2bc8e
Convert -3b1a83 (base 12) to base 14.
-1b6511
-103212220 (base 5) to base 9
-746884
What is -5881165 (base 11) in base 7?
-153151501
What is -b3c45 (base 13) in base 12?
-1369bb
What is -41cc1 (base 14) in base 6?
-3223441
What is 31273 (base 10) in base 16?
7a29
What is 768529 (base 10) in base 16?
bba11
-1345882 (base 10) to base 4
-11020211122
10302022310 (base 4) to base 10
1254068
a7c985 (base 13) to base 15
52c9d6
2890643 (base 10) to base 2
1011000001101110010011
Convert -218ac6 (base 14) to base 3.
-2010211020201
-18160288 (base 9) to base 12
-3085482
3123525 (base 6) to base 2
100100111010001101
What is -11202010201000 (base 3) in base 7?
-30303063
Convert 154788 (base 11) to base 7.
2021143
What is -21d9c0 (base 16) in base 4?
-20131213000
Convert -4463731 (base 10) to base 2.
-10001000001110001110011
What is 98922a (base 11) in base 5?
401010330
Convert 10542312 (base 8) to base 7.
25240104
4564354 (base 9) to base 3
11122011101211
What is -202136463 (base 7) in base 4?
-230332231221
Convert -135500 (base 6) to base 13.
-5b62
Convert 562160 (base 8) to base 11.
11a460
What is -5df6 (base 16) in base 13?
-ac44
Convert 3146895 (base 11) to base 13.
11c11c0
What is 20b358 (base 12) in base 13?
151526
What is -5907885 (base 10) in base 11?
-3375755
What is 143243 (base 7) in base 16?
6bb1
Convert -100010011000101101 (base 2) to base 9.
-234174
Convert 51375 (base 11) to base 13.
2818a
1101112221211 (base 3) to base 11
465397
What is -30424242 (base 5) in base 13?
-89277
What is -213521 (base 8) in base 15?
-162c0
What is 2551114 (base 6) in base 8?
417266
Convert -1010011001010100011 (base 2) to base 10.
-340643
-7433d (base 15) to base 8
-1317740
What is 25827866 (base 9) in base 16?
c201e4
-23403121 (base 5) to base 6
-4344100
Convert fa84d8 (base 16) to base 10.
16418008
26b28 (base 14) to base 16
17500
-20200220211 (base 3) to base 16
-20332
What is 202211210 (base 3) in base 16?
3b5b
Convert 224031 (base 6) to base 7.
106321
Convert -1db33 (base 14) to base 13.
-28955
-33a1a13 (base 11) to base 12
-1ba9529
What is -17504668 (base 9) in base 3?
-121120011202022
What is -1101022 (base 6) in base 7?
-315236
Convert -504b4 (base 15) to base 4.
-332003302
-43311334 (base 6) to base 15
-1a59a7
-111001001101110 (base 2) to base 8
-71156
Convert -2352625 (base 11) to base 9.
-7643102
-1021211020221200 (base 3) to base 15
-19588ac
320313311 (base 4) to base 10
232949
Convert 84568a (base 11) to 